8?
2, 3, 7, 11, 13, 53, 67
What are the prime factors of 993627466?
2, 13, 107, 577, 619
What are the prime factors of 2672811997?
907, 2946871
List the prime factors of 1395705131.
1395705131
What are the prime factors of 243578779?
5501, 44279
List the prime factors of 322063907.
11, 29278537
List the prime factors of 16492252.
2, 7, 167, 3527
What are the prime factors of 3179480463?
3, 19, 23, 433, 1867
What are the prime factors of 505511227?
13, 23, 1690673
What are the prime factors of 98356217?
19, 61, 113, 751
What are the prime factors of 343301484?
2, 3, 28608457
List the prime factors of 2100832517.
7, 139, 308447
List the prime factors of 1030960667.
11, 509, 184133
What are the prime factors of 1515903455?
5, 11, 41, 47, 14303
What are the prime factors of 12368809?
17, 727577
List the prime factors of 72129354.
2, 3, 11, 37, 29537
What are the prime factors of 2200584425?
5, 13, 181, 37409
What are the prime factors of 475862374?
2, 13, 18302399
List the prime factors of 4521677.
17, 19, 13999
What are the prime factors of 5989008568?
2, 2801, 267271
What are the prime factors of 158438385?
3, 5, 7, 17, 29587
What are the prime factors of 7676770977?
3, 284324851
What are the prime factors of 219595669?
61, 3599929
What are the prime factors of 512376479?
643, 796853
What are the prime factors of 3084838332?
2, 3, 257069861
What are the prime factors of 637047482?
2, 11071, 28771
List the prime factors of 347385352.
2, 67, 648107
What are the prime factors of 641114868?
2, 3, 41, 997, 1307
What are the prime factors of 128422142?
2, 47, 251, 5443
What are the prime factors of 581346573?
3, 193782191
List the prime factors of 27014109.
3, 29, 310507
What are the prime factors of 3299824113?
3, 1099941371
What are the prime factors of 17014052?
2, 11, 35153
List the prime factors of 284703219.
3, 31633691
What are the prime factors of 8346345627?
3, 3329, 835721
List the prime factors of 589405066.
2, 73, 163, 24767
What are the prime factors of 52479549?
3, 41, 47407
What are the prime factors of 769867562?
2, 8501, 45281
List the prime factors of 162053289.
3, 139, 129539
List the prime factors of 732678874.
2, 19, 59, 173, 1889
What are the prime factors of 25588421?
19, 691, 1949
List the prime factors of 68361104.
2, 7, 41, 14887
List the prime factors of 64860912.
2, 3, 50047
What are the prime factors of 492794323?
7, 83, 121169
List the prime factors of 4861406738.
2, 2430703369
List the prime factors of 257377420.
2, 5, 19, 677309
List the prime factors of 3329633057.
29, 114814933
List the prime factors of 349236888.
2, 3, 7, 11, 13, 14537
What are the prime factors of 1409722941?
3, 11, 163, 262079
List the prime factors of 2462614825.
5, 11, 101, 88663
What are the prime factors of 20595314?
2, 101, 101957
List the prime factors of 45249437.
241, 359, 523
What are the prime factors of 259330123?
13, 281, 70991
List the prime factors of 2803652537.
7, 61, 389, 16879
What are the prime factors of 1008606175?
5, 17, 631, 3761
What are the prime factors of 2228882795?
5, 31, 41, 350729
List the prime factors of 3584451374.
2, 7, 53, 4830797
List the prime factors of 9454246.
2, 53, 79, 1129
List the prime factors of 1770018025.
5, 37, 1913533
What are the prime factors of 673088816?
2, 797, 52783
What are the prime factors of 35782067?
35782067
List the prime factors of 11048365.
5, 127, 137
List the prime factors of 60162513.
3, 347, 57793
List the prime factors of 18282705.
3, 5, 7, 174121
List the prime factors of 427704828.
2, 3, 163, 449, 487
What are the prime factors of 490111423?
401, 419, 2917
List the prime factors of 601513730.
2, 5, 60151373
List the prime factors of 320350441.
320350441
What are the prime factors of 196284484?
2, 11, 23, 193957
List the prime factors of 2021901034.
2, 31, 32611307
What are the prime factors of 384901236?
2, 3, 47, 109, 2087
List the prime factors of 2581496530.
2, 5, 41, 6296333
What are the prime factors of 16614680?
2, 5, 29, 14323
List the prime factors of 3743290101.
3, 29, 79, 449, 1213
What are the prime factors of 1940163576?
2, 3, 13, 269, 23117
List the prime factors of 292838998.
2, 1801, 81299
List the prime factors of 227612348.
2, 137, 313, 1327
What are the prime factors of 52358090?
2, 5, 43, 121763
List the prime factors of 1339767854.
2, 37, 167, 108413
What are the prime factors of 254725393?
13, 19594261
List the prime factors of 1854325578.
2, 3, 7, 44150609
What are the prime factors of 112299540?
2, 3, 5, 1213, 1543
List the prime factors of 4739842139.
23, 269, 766097
List the prime factors of 12261342.
2, 3, 127, 16091
What are the prime factors of 3424131467?
47, 1201, 60661
What are the prime factors of 85187526?
2, 3, 19, 747259
List the prime factors of 271275356.
2, 11, 6165349
List the prime factors of 1240235.
5, 17, 14591
List the prime factors of 112408214.
2, 56204107
List the prime factors of 85911052.
2, 21477763
What are the prime factors of 66534542?
2, 19, 1750909
List the prime factors of 1144386152.
2, 7, 13, 1571959
What are the prime factors of 93301990?
2, 5, 29, 193, 1667
What are the prime factors of 4157339953?
13, 17, 23, 817891
List the prime factors of 647049243.
3, 215683081
What are the prime factors of 90091502?
2, 19, 2370829
List the prime factors of 26756647.
29, 922643
List the prime factors of 62741074.
2, 11, 2851867
What are the prime factors of 296959512?
2, 3, 19, 277, 2351
List the prime factors of 399011559.
3, 133003853
List the prime factors of 492573418.
2, 59, 4174351
List the prime factors of 535574133.
3, 19836079
What are the prime factors of 379637598?
2, 3, 63272933
What are the prime factors of 245371263?
3, 19, 149, 167, 173
List the prime factors of 1186981768.
2, 7, 21196103
List the prime factors of 694785854.
2, 7, 49627561
List the prime factors of 485263868.
2, 151, 803417
List the prime factors of 226504354.
2, 67, 829, 2039
What are the prime factors of 69744060?
2, 3, 5, 19, 20393
What are the prime factors of 63850625?
5, 102161
What are the prime factors of 131110627?
487, 269221
List the prime factors of 6672156517.
13, 151, 3398959
What are the prime factors of 251580891?
3, 83860297
What are the prime factors of 171412979?
73, 2348123
What are the prime factors of 22070459?
233, 94723
List the prime factors of 85212046.
2, 1877, 22699
What are the prime factors of 248263094?
2, 124131547
What are the prime factors of 772114812?
2, 3, 7, 53, 173431
List the prime factors of 3301075254.
2, 3, 20219, 27211
What are the prime factors of 187095180?
2, 3, 5, 3118253
What are the prime factors of 553065089?
167, 197, 16811
What are the prime factors of 789994880?
2, 5, 1234367
What are the prime factors of 277008423?
3, 41, 1471, 1531
What are the prime factors of 85459316?
2, 127, 168227
What are the prime factors of 466487796?
2, 3, 38873983
What are the prime factors of 68821075?
5, 2752843
What are the prime factors of 899065847?
899065847
What are the prime factors of 119236492?
2, 29809123
List the prime factors of 292185761.
7, 41740823
List the prime factors of 2880334190.
2, 5, 37, 7784687
What are the prime factors of 642521211?
3, 1787, 119851
List the prime factors of 7567103956.
2, 359, 1489, 3539
What are the prime factors of 137475716?
2, 7, 19, 258413
List the prime factors of 266737277.
757, 352361
List the prime factors of 93959635.
5, 7, 11, 109, 2239
What are the prime factors of 210168195?
3, 5, 17, 824189
List the prime factors of 114098624.
2, 1782791
What are the prime factors of 10454062?
2, 131, 39901
What are the prime factors of 2838250348?
2, 14321, 49547
What are the prime factors of 129424889?
11, 113, 104123
What are the prime factors of 5880169888?
2, 183755309
List the prime factors of 212053018.
2, 106026509
What are the prime factors of 56413280?
2, 5, 7, 11, 19, 241
What are the prime factors of 1553177117?
1553177117
List the prime factors of 257005800.
2, 3, 5, 71, 2011
List the prime factors of 92776543.
47, 733, 2693
List the prime factors of 899479.
7, 19, 6763
What are the prime factors of 1632099468?
2, 3, 19, 29, 246839
What are the prime factors of 48179727?
3, 101, 53003
List the prime factors of 70658735.
5, 7, 288403
What are the prime factors